{"id":8,"date":"2018-07-17T20:00:25","date_gmt":"2018-07-17T18:00:25","guid":{"rendered":"http:\/\/mannheim-psychotherapie.de\/?page_id=8"},"modified":"2026-03-30T13:41:01","modified_gmt":"2026-03-30T11:41:01","slug":"therapiezeiten-sprechstunden","status":"publish","type":"page","link":"https:\/\/mannheim-psychotherapie.de\/?page_id=8","title":{"rendered":"Therapiezeiten &#038; Sprechstunden"},"content":{"rendered":"\n<h4 class=\"wp-block-heading western\"><b>Therapiezeiten nach vorheriger telefonischer Vereinbarung:<\/b><\/h4>\n\n\n\n<figure class=\"wp-block-table\"><table class=\"has-fixed-layout\"><tbody><tr><td>Montag<\/td><td>8:30 &#8211; 12:30 Uhr<\/td><td>sowie 14:00 &#8211; 17:00 Uhr<\/td><\/tr><tr><td>Dienstag<\/td><td>9:00 &#8211; 13:00 Uhr<\/td><td>sowie 14:00 &#8211; 17:00 Uhr<\/td><\/tr><tr><td>Mittwoch<\/td><td>8:30 &#8211; 12:30 Uhr<\/td><td>sowie 14:00 &#8211; 17:00 Uhr<\/td><\/tr><tr><td>Donnerstag<\/td><td>8:30 &#8211; 12:30Uhr<\/td><td>sowie 14:00 &#8211; 17:00 Uhr<\/td><\/tr><tr><td>Freitag<\/td><td>8:30 &#8211; 12:30 Uhr<\/td><td>sowie 13:30 &#8211; 16:30 Uhr<\/td><\/tr><\/tbody><\/table><\/figure>\n\n\n\n<h4 class=\"wp-block-heading western\"><span style=\"font-family: Verdana,sans-serif;\"><b>Telefonische Sprechstunde: <\/b><\/span><\/h4>\n\n\n\n<p class=\"western\"><span style=\"font-family: Verdana,sans-serif;\">Mo, Di, Do, Fr von 13:00 bis 13:25 Uhr <\/span><\/p>\n\n\n\n<p class=\"western\">Fragen nach freien Therapiepl\u00e4tzen werden hier beantwortet; auch Terminvereinbarungen oder Termin\u00e4nderungen k\u00f6nnen telefonisch gekl\u00e4rt werden. Aus organisatorischen Gr\u00fcnden kann die Terminvergabe leider nicht per Mail erfolgen. Ich hoffe, Sie haben daf\u00fcr Verst\u00e4ndnis. Bitte versuchen Sie es mehrmals, sollten Sie w\u00e4hrend dieser o.g. Sprechstunde nicht gleich zu mir durchgestellt werden und zun\u00e4chst nur den AB erreichen. Vielen Dank!<\/p>\n\n\n\n<h4 class=\"wp-block-heading western\"><span style=\"font-family: Verdana,sans-serif;\"><b>Praxis an nachfolgenden Tagen geschlossen:<\/b><\/span>&nbsp;<\/h4>\n\n\n\n<ul class=\"wp-block-list\">\n<li>21. April 2026<\/li>\n\n\n\n<li>5. &#8211; 13. Juni 2026<\/li>\n\n\n\n<li>6. &#8211; 10. Juli 2026<\/li>\n\n\n\n<li>17. &#8211; 19. August 2026<\/li>\n\n\n\n<li>12. &#8211; 16. Oktober 2026<\/li>\n<\/ul>\n\n\n\n<p class=\"western\"><strong>Bei akuten Notf\u00e4llen in den Abend- und Nachtstunden sowie an den Wochenenden wenden Sie sich bitte an folgende <\/strong><span style=\"color: #800000;\"><strong><a style=\"color: #800000;\" title=\"Notfallkontakte\" href=\"https:\/\/mannheim-psychotherapie.de\/?page_id=39\">Notfallkontakte<\/a><\/strong><\/span><\/p>\n\n\n\n<p class=\"western\"><span style=\"color: #800000;\"><a style=\"color: #800000;\" title=\"Anschrift &amp; Kontakt\" href=\"https:\/\/mannheim-psychotherapie.de\/?page_id=13\">Informationen \u00fcber Anschrift &amp; Kontakt<\/a><\/span><\/p>\n\n\n\n\n\n\n\n\n","protected":false},"excerpt":{"rendered":"<p>Therapiezeiten nach vorheriger telefonischer Vereinbarung: Montag 8:30 &#8211; 12:30 Uhr sowie 14:00 &#8211; 17:00 Uhr Dienstag 9:00 &#8211; 13:00 Uhr sowie 14:00 &#8211; 17:00 Uhr Mittwoch 8:30 &#8211; 12:30 Uhr sowie 14:00 &#8211; 17:00 Uhr Donnerstag 8:30 &#8211; 12:30Uhr sowie 14:00 &#8211; 17:00 Uhr Freitag 8:30 &#8211; 12:30 Uhr sowie 13:30 &#8211; 16:30 Uhr Telefonische [&hellip;]<\/p>\n","protected":false},"author":1,"featured_media":0,"parent":13,"menu_order":3,"comment_status":"closed","ping_status":"closed","template":"template-fullwidth.php","meta":{"footnotes":""},"class_list":["post-8","page","type-page","status-publish","hentry","post-preview"],"_links":{"self":[{"href":"https:\/\/mannheim-psychotherapie.de\/index.php?rest_route=\/wp\/v2\/pages\/8","targetHints":{"allow":["GET"]}}],"collection":[{"href":"https:\/\/mannheim-psychotherapie.de\/index.php?rest_route=\/wp\/v2\/pages"}],"about":[{"href":"https:\/\/mannheim-psychotherapie.de\/index.php?rest_route=\/wp\/v2\/types\/page"}],"author":[{"embeddable":true,"href":"https:\/\/mannheim-psychotherapie.de\/index.php?rest_route=\/wp\/v2\/users\/1"}],"replies":[{"embeddable":true,"href":"https:\/\/mannheim-psychotherapie.de\/index.php?rest_route=%2Fwp%2Fv2%2Fcomments&post=8"}],"version-history":[{"count":158,"href":"https:\/\/mannheim-psychotherapie.de\/index.php?rest_route=\/wp\/v2\/pages\/8\/revisions"}],"predecessor-version":[{"id":796,"href":"https:\/\/mannheim-psychotherapie.de\/index.php?rest_route=\/wp\/v2\/pages\/8\/revisions\/796"}],"up":[{"embeddable":true,"href":"https:\/\/mannheim-psychotherapie.de\/index.php?rest_route=\/wp\/v2\/pages\/13"}],"wp:attachment":[{"href":"https:\/\/mannheim-psychotherapie.de\/index.php?rest_route=%2Fwp%2Fv2%2Fmedia&parent=8"}],"curies":[{"name":"wp","href":"https:\/\/api.w.org\/{rel}","templated":true}]}}

<h4 class="wp-block-heading western"><b>Therapiezeiten nach vorheriger telefonischer Vereinbarung:</b></h4>



<figure class="wp-block-table"><table class="has-fixed-layout"><tbody><tr><td>Montag</td><td>8:30 &#8211; 12:30 Uhr</td><td>sowie 14:00 &#8211; 17:00 Uhr</td></tr><tr><td>Dienstag</td><td>9:00 &#8211; 13:00 Uhr</td><td>sowie 14:00 &#8211; 17:00 Uhr</td></tr><tr><td>Mittwoch</td><td>8:30 &#8211; 12:30 Uhr</td><td>sowie 14:00 &#8211; 17:00 Uhr</td></tr><tr><td>Donnerstag</td><td>8:30 &#8211; 12:30Uhr</td><td>sowie 14:00 &#8211; 17:00 Uhr</td></tr><tr><td>Freitag</td><td>8:30 &#8211; 12:30 Uhr</td><td>sowie 13:30 &#8211; 16:30 Uhr</td></tr></tbody></table></figure>



<h4 class="wp-block-heading western"><span style="font-family: Verdana,sans-serif;"><b>Telefonische Sprechstunde: </b></span></h4>



<p class="western"><span style="font-family: Verdana,sans-serif;">Mo, Di, Do, Fr von 13:00 bis 13:25 Uhr </span></p>



<p class="western">Fragen nach freien Therapieplätzen werden hier beantwortet; auch Terminvereinbarungen oder Terminänderungen können telefonisch geklärt werden. Aus organisatorischen Gründen kann die Terminvergabe leider nicht per Mail erfolgen. Ich hoffe, Sie haben dafür Verständnis. Bitte versuchen Sie es mehrmals, sollten Sie während dieser o.g. Sprechstunde nicht gleich zu mir durchgestellt werden und zunächst nur den AB erreichen. Vielen Dank!</p>



<h4 class="wp-block-heading western"><span style="font-family: Verdana,sans-serif;"><b>Praxis an nachfolgenden Tagen geschlossen:</b></span>&nbsp;</h4>



<ul class="wp-block-list">
<li>21. April 2026</li>



<li>5. &#8211; 13. Juni 2026</li>



<li>6. &#8211; 10. Juli 2026</li>



<li>17. &#8211; 19. August 2026</li>



<li>12. &#8211; 16. Oktober 2026</li>
</ul>



<p class="western"><strong>Bei akuten Notfällen in den Abend- und Nachtstunden sowie an den Wochenenden wenden Sie sich bitte an folgende </strong><span style="color: #800000;"><strong><a style="color: #800000;" title="Notfallkontakte" href="https://mannheim-psychotherapie.de/?page_id=39">Notfallkontakte</a></strong></span></p>



<p class="western"><span style="color: #800000;"><a style="color: #800000;" title="Anschrift &amp; Kontakt" href="https://mannheim-psychotherapie.de/?page_id=13">Informationen über Anschrift &amp; Kontakt</a></span></p>
