{"id":39,"date":"2015-04-09T21:12:04","date_gmt":"2015-04-09T19:12:04","guid":{"rendered":"http:\/\/mannheim-psychotherapie.de\/?page_id=39"},"modified":"2025-08-28T15:29:54","modified_gmt":"2025-08-28T13:29:54","slug":"notfallkontakte","status":"publish","type":"page","link":"https:\/\/mannheim-psychotherapie.de\/?page_id=39","title":{"rendered":"Notfallkontakte"},"content":{"rendered":"\n<p>Bei akuten Notf\u00e4llen in den Abend- und Nachtstunden sowie an den Wochenenden wenden Sie sich bitte je nach Region an folgende Stellen:<\/p>\n\n\n\n<figure class=\"wp-block-table\"><table class=\"has-fixed-layout\"><tbody><tr><td><strong>Region<\/strong><\/td><td><strong>Einrichtung<\/strong><\/td><td><strong>Anschrift<\/strong><\/td><td><strong>Telefon <\/strong><\/td><td>&nbsp;<\/td><\/tr><tr><td><strong>Mannheim<\/strong><\/td><td><a href=\"http:\/\/www.zi-mannheim.de\/behandlung\/notfall.html\" target=\"_blank\" rel=\"noopener\">ZI Mannheim<\/a><\/td><td><a href=\"https:\/\/goo.gl\/maps\/6I0x5\" target=\"_blank\" rel=\"noopener\">68159 Mannheim, J 5<\/a><\/td><td>0621 1703-0<\/td><td>&nbsp;<\/td><\/tr><tr><td><strong>Heidelberg<\/strong><\/td><td><a href=\"http:\/\/www.klinikum.uni-heidelberg.de\/index.php?id=106474\" target=\"_blank\" rel=\"noopener\">Universit\u00e4tsklinikum Heidelberg<\/a><\/td><td><a href=\"https:\/\/goo.gl\/maps\/9hngz\" target=\"_blank\" rel=\"noopener\">69115 Heidelberg,&nbsp;Vo\u00dfstra\u00dfe 2 (Haus 2)<\/a><\/td><td>06221 56-4466<\/td><td>&nbsp;<\/td><\/tr><tr><td><strong>Rhein-Neckar<\/strong><\/td><td><a href=\"http:\/\/www.pzn-wiesloch.de\/\" target=\"_blank\" rel=\"noopener\">ZFP\/PZN Wiesloch<\/a><\/td><td><a href=\"https:\/\/goo.gl\/maps\/2Ig07\" target=\"_blank\" rel=\"noopener\">69168 Wiesloch,&nbsp;Heidelberger Stra\u00dfe 1a<\/a><\/td><td>06222 55-0<\/td><td>&nbsp;<\/td><\/tr><\/tbody><\/table><\/figure>\n\n\n\n<p>&nbsp;<\/p>\n","protected":false},"excerpt":{"rendered":"<p>Bei akuten Notf\u00e4llen in den Abend- und Nachtstunden sowie an den Wochenenden wenden Sie sich bitte je nach Region an folgende Stellen: Region Einrichtung Anschrift Telefon &nbsp; Mannheim ZI Mannheim 68159 Mannheim, J 5 0621 1703-0 &nbsp; Heidelberg Universit\u00e4tsklinikum Heidelberg 69115 Heidelberg,&nbsp;Vo\u00dfstra\u00dfe 2 (Haus 2) 06221 56-4466 &nbsp; Rhein-Neckar ZFP\/PZN Wiesloch 69168 Wiesloch,&nbsp;Heidelberger Stra\u00dfe 1a [&hellip;]<\/p>\n","protected":false},"author":1,"featured_media":0,"parent":8,"menu_order":0,"comment_status":"closed","ping_status":"closed","template":"template-fullwidth.php","meta":{"footnotes":""},"class_list":["post-39","page","type-page","status-publish","hentry","post-preview"],"_links":{"self":[{"href":"https:\/\/mannheim-psychotherapie.de\/index.php?rest_route=\/wp\/v2\/pages\/39","targetHints":{"allow":["GET"]}}],"collection":[{"href":"https:\/\/mannheim-psychotherapie.de\/index.php?rest_route=\/wp\/v2\/pages"}],"about":[{"href":"https:\/\/mannheim-psychotherapie.de\/index.php?rest_route=\/wp\/v2\/types\/page"}],"author":[{"embeddable":true,"href":"https:\/\/mannheim-psychotherapie.de\/index.php?rest_route=\/wp\/v2\/users\/1"}],"replies":[{"embeddable":true,"href":"https:\/\/mannheim-psychotherapie.de\/index.php?rest_route=%2Fwp%2Fv2%2Fcomments&post=39"}],"version-history":[{"count":7,"href":"https:\/\/mannheim-psychotherapie.de\/index.php?rest_route=\/wp\/v2\/pages\/39\/revisions"}],"predecessor-version":[{"id":737,"href":"https:\/\/mannheim-psychotherapie.de\/index.php?rest_route=\/wp\/v2\/pages\/39\/revisions\/737"}],"up":[{"embeddable":true,"href":"https:\/\/mannheim-psychotherapie.de\/index.php?rest_route=\/wp\/v2\/pages\/8"}],"wp:attachment":[{"href":"https:\/\/mannheim-psychotherapie.de\/index.php?rest_route=%2Fwp%2Fv2%2Fmedia&parent=39"}],"curies":[{"name":"wp","href":"https:\/\/api.w.org\/{rel}","templated":true}]}}